1. Let f be (3 - 1)/(-2) - -3. Let i(v) = 3 - 2 + 11*v**3 - 2 - f*v. Determine i(y).
-10
Let x(n) be the second derivative of -n**4/12 + n**3/6 + n**2/2 + 284*n. Let j be 4*(14/4 + -3). What is x(j)?
-1
Let r(m) = -86*m + 87*m - 1 + 2. Suppose -5*n - 70 = -55. Give r(n).
-2
Let v(a) = -a**2 - 2*a - 1. Suppose 0 = 5*c - 3*c + 8. Let r be -3 - c - (-6 + 3). Suppose w = -3*z - 2, -r = 3*w + 4*z + 2. What is v(w)?
-1
Let b(q) be the third derivative of q**5/60 + 5*q**4/12 + 3*q**3/2 + 58*q**2. Suppose 2 + 30 = -2*d - 4*f, -20 = d + 3*f. Calculate b(d).
-7
Suppose -25 = 5*n - 2*x, -x - x = -n - 5. Let k(s) be the first derivative of s**3/6 + 9*s + 25. Let z(f) be the first derivative of k(f). Determine z(n).
-5
Let h be (-25)/3 + (96/36)/8. Let i(t) = t**2 + 4*t - 29. Determine i(h).
3
Let t(g) = g + 17. Let p(l) = -26*l - 149. Let r be p(-5). What is t(r)?
-2
Suppose -2*r = -3*n - 100, -2*r - 3*r + 2*n = -228. Let t = r - 41. Let a(f) = f - 1. Give a(t).
2
Let n(f) be the first derivative of -f**2/2 - 5*f + 79. Determine n(6).
-11
Let b(w) = w**3 - 14*w**2 + 22*w + 23. Let i be b(12). Let x(o) = -4*o - 1. Give x(i).
3
Let u(r) be the second derivative of r**4/2 + r**3/2 + 2*r**2 + 17*r. Let q(f) = 17*f**2 + 9*f + 11. Let l(a) = 4*q(a) - 11*u(a). What is l(-3)?
9
Let n(j) = -10*j**2 + 42*j - 4. Let c be n(4). Let k(z) be the third derivative of 1/24*z**c + 0 - 1/3*z**3 + 0*z + 7*z**2. Determine k(-4).
-6
Suppose -5*v - 7 = d, 0*d - v = 2*d - 4. Let h(o) = d*o**2 - 3*o**2 + 3*o**2 - 2. Let p = 1334 - 1336. What is h(p)?
10
Let d(w) = 5*w**2 - 3*w. Let i(l) = l**2 - 11*l - 5. Let y = 32 + -22. Let h be i(y). Let n = h - -17. Determine d(n).
14
Let w be (0 - -1) + 2 + -4. Suppose -b + 14 = b + 2*l, -l = 1. Let k(y) = -5 - b - 5*y + 13. Calculate k(w).
5
Let z(b) = -30*b**2 + b - 1. Suppose -9 = -10*u + 1. Determine z(u).
-30
Suppose 5*n + 3 = 5*s - 2, -s + 3*n + 1 = 0. Let y(c) be the second derivative of -18*c + 1/2*c**2 - 1/3*c**4 + 0 - 1/6*c**3. Calculate y(s).
-4
Let t(p) be the first derivative of -7*p**4/3 + p**3/6 - 2*p + 21. Let s(j) be the first derivative of t(j). What is s(-1)?
-29
Let a(u) = u**3 - 5 - u + 7*u**2 + 0*u**2 + 5*u. Let v be 31/(-4) + (-3)/(-4). Let c be v + 3 + -2 + 0. Calculate a(c).
7
Let d(x) be the third derivative of 0*x**3 - 13/120*x**6 + 0 + 0*x**4 - 7*x**2 + 0*x + 0*x**5. Let u(z) = z**3 - z - 1. Let j be u(-1). Calculate d(j).
13
Let s be (2/(-1))/(-1) + -7. Let a(o) be the first derivative of -1 - 3*o**2 + o - 1/3*o**3. Give a(s).
6
Let j = -13 - -18. Let m(g) = -2 + 2 + j*g - 5 + 4. What is m(-1)?
-6
Let b = 21 + -17. Let q be 0 - (b + -3 + 1). Let s(c) be the third derivative of -c**5/60 - c**4/12 - c**3/3 + 2*c**2. Determine s(q).
-2
Let d = -8 + 5. Let z(o) be the second derivative of o**5/120 - o**4/6 + 7*o**3/6 + 4*o. Let l(x) be the second derivative of z(x). What is l(d)?
-7
Let z(a) = -a**3 + 7*a**2 + 6*a - 4. Let m = -1542 - -1548. Give z(m).
68
Let s(a) = a**3 + a**3 - 6*a**2 - 3*a**3. Let c(r) = r**3 - r**2 + 3*r - 3. Let j be c(3). Suppose -12*x = -16*x - j. What is s(x)?
0
Let o(h) = 6*h**3 - 2*h - 1. Let m = 9 + -5. Suppose 0*p = -m*g - 5*p - 19, -3*p = 3*g + 12. What is o(g)?
-5
Let m be (0 + 0)/(13 + -11). Suppose 0 = -6*p - m + 12. Suppose -4 + 0 = -p*g. Let s(w) = 6*w + 2. What is s(g)?
14
Let h(n) = 4*n - 40. Let d = 693 - 684. Determine h(d).
-4
Let c(r) = 10*r**3 - 4*r**2 + 4*r + 53. Let u(g) = 3*g**3 - g**2 + g + 18. Let i(a) = 2*c(a) - 7*u(a). Give i(0).
-20
Suppose -q = 4*d - 43, 0 = -4*d - 7 - 5. Suppose 6*k = k + q. Let h(j) = 5*j - 5. Let z(m) = -m + 1. Let o(c) = k*z(c) + 2*h(c). Determine o(-6).
7
Let s be ((-2)/(24/(-6)))/((-2)/(-4)). Let i(r) = 17*r**2 - 3*r + 1. What is i(s)?
15
Suppose -3*c + 3*v = 6*v, 5*c = 4*v. Let a(o) = 1 + 2 - 21 - o. Calculate a(c).
-18
Let d(n) = 2*n**2 + 5*n**2 - 23 + 5*n - 6*n - 8*n**2. Give d(0).
-23
Let b be (10 + -1 - -2) + -1. Let g be 30*((-2)/b - -1). Let l = g + -21. Let j(c) = -c**2 + 4. Determine j(l).
-5
Let w = -52 + 65. Let h(t) = 3 - 11*t**2 - w*t**2 - 3*t + 25*t**2. Determine h(-3).
21
Let r(a) = 6*a**2 + 4*a - 2*a - 11 + a**3 + 19 - 8*a. Determine r(-7).
1
Let b(v) be the third derivative of -v**4/24 - v**3/3 - 2*v**2. Let i be (-12)/(-9)*(-3)/(-1). Suppose i*j - 2*a = 0, -j + 0*j = -2*a - 6. Calculate b(j).
0
Suppose 5*b = 3*v + 44, 0 = -0*v + 3*v + 9. Let t(j) = -b - 3 + 0 + 2*j - j. Give t(7).
-3
Suppose -5*l - 6 = -4*m, -2*l + 3*l = m - 2. Let o(k) be the second derivative of 3*k**2 + 1/12*k**m - 2*k + 0 + k**3. Determine o(-5).
1
Let i(z) be the first derivative of z**2/2 - 9*z + 1. Suppose -j - 4*j + 40 = 0. Suppose j*r = 10*r. Determine i(r).
-9
Suppose -2*j - 2*i + 6 = -4*i, 0 = -3*j - i + 9. Let v(b) = -b**3 + 2*b**2 - 3*b - 3. Give v(j).
-21
Let x = 623 + -621. Suppose -4*h - h - 5 = 0, -3*h = 2*c + 3. Suppose -i + x = -g, 0 = -g + 4*i - c - 5. Let o(k) = k + 2. Give o(g).
1
Let r(f) be the second derivative of -f**4/12 - 4*f**3/3 + 2*f**2 - 4*f. Let o be 8/4 + -1 + 0. Let x be -6 + (0/o - 2). Calculate r(x).
4
Let o(p) = p - 8. Suppose 0 = 4*u - 5*u + 67. Suppose -7*l - 4 = -u. Give o(l).
1
Suppose 0 = 4*i + t + 4*t - 148, -4*i = -2*t - 120. Let s = 27 - i. Let j(r) be the first derivative of r**2/2 + 7*r + 1. What is j(s)?
2
Let w(s) = s**3 + 17*s**2 - 39*s - 16. Let r be w(-19). Let k be -1*r/(-6)*0. Let m(z) be the second derivative of -z**5/20 - z**4/12 + 3*z**2 - 2*z. Give m(k).
6
Let x(m) = -m**2 - m. Let n be x(-1). Let q be n/(3/(-6)*2). Suppose 5*g - 10 = -5*r, 4*g - 8 = -q. Let z(i) = -i + 6. Give z(r).
6
Let p(m) = m - 3. Let d(k) = -3*k + 10. Suppose -u = -4*o + 2*u - 27, 4*o + 2 = -2*u. Let g(b) = o*d(b) - 8*p(b). Calculate g(9).
3
Let p(f) be the first derivative of -f**4 - f**3/3 + f**2/2 - f + 487. What is p(2)?
-35
Let g(a) be the third derivative of a**4/4 - 8*a**3 - 412*a**2. Give g(9).
6
Let r(c) be the first derivative of -2*c**3/3 - 13*c**2/2 + 8*c + 28. Calculate r(-7).
1
Let w(p) = 2*p + 24. Let q be 2 - ((-5)/1 + 5) - 15. What is w(q)?
-2
Let w(r) = 13*r - 6. Let z(h) = 14*h - 7. Let m(v) = -6*w(v) + 5*z(v). Suppose 3*i - 7 = l, 0 = -5*l + 2*i - 2 - 20. Let q be (l/6)/((-2)/3). What is m(q)?
-7
Let c(u) = -u - 5. Let k = -9 + 2. Let n be c(k). Suppose -n*h - 25 = 3*h. Let x(z) = z**3 + 6*z**2 + 7*z + 5. What is x(h)?
-5
Let o(w) = -31*w - 25. Let k(c) = -11*c - 9. Let p(y) = -17*k(y) + 6*o(y). Calculate p(-9).
-6
Let y(j) = -20*j + 11. Let d(i) = -17*i + 11. Let p(t) = 6*d(t) - 5*y(t). Calculate p(6).
-1
Suppose -3*a + 4*p - 5*p + 7 = 0, 0 = 3*a - 2*p - 13. Suppose -n = -3*r - 17, 0 = -a*n - 0*n - 4*r - 1. Let i(m) = -m**3 + 5*m**2 + m. Determine i(n).
5
Suppose 2*d + 4 = 8. Suppose -n - d*n + 18 = 4*t, 0 = -3*n + 6. Let i(m) be the second derivative of -m**3/2 + m**2 - m. What is i(t)?
-7
Let a(k) = 14 + 11*k**2 - 10*k**2 - 3. Let x(z) = -z**2 - 11. Let w = 2 + -7. Let l(y) = w*x(y) - 4*a(y). Calculate l(0).
11
Suppose 130 = -3*q - 2*q. Let h be (-16)/(-112) - (q/14 - -1). Let z(i) = 7*i**2 + i - 1. What is z(h)?
7
Let y = -11 + 16. Suppose 0 = -5*o + 10, 3*h - y*o = 96 - 25. Let l be 156/h + (-2)/(-9). Let f(t) = -t + 7. What is f(l)?
1
Let t(j) = 2*j**2 - 2*j - 2. Let x be t(2). Let o(l) be the first derivative of -2*l**3/3 + 3*l**2/2 - 3*l - 3577. What is o(x)?
-5
Let x = -6 - -5. Let a be 2/(-3 - x) - -12. Suppose -6*c + a = -13. Let q(b) = -b**3 + 5*b**2 - 5*b - 1. Determine q(c).
-5
Suppose -12 = -2*x - 8. Let p(v) = -26 - 35 + 2*v**3 - v**2 + 63 - 2*v. What is p(x)?
10
Let r(u) = u**2 + 8*u + 7. Let s(o) = 13*o - 163. Let q be s(12). Give r(q).
0
Let n = -29 - -35. Let s(m) = m**3 - 6*m**2 - 4*m + 8. What is s(n)?
-16
Let l(j) = 2*j + 6. Let r(m) = m + 5. Let c(i) = 3*l(i) - 4*r(i). Calculate c(0).
-2
Let r(l) = l**2 + 2*l. Let h(s) = -s**2 - 8*s - 3. Let p be h(-7). Suppose -p = -3*m + m. Let t be (-70)/22 + m/11. Calculate r(t).
3
Let j = -3 - -2. Let o(y) be the third derivative of 1/6*y**3 - 2*y**2 - 1/30*y**5 - 1/30*y**6 + 0*y**4 + 0 + 24*y. Give o(j).
3
Suppose 13*p - 3*p + 40 = 0. Let u be -3 + -1 + (-5 + 1)/p. Let x(r) = -3*r**2 - 2*r - 1. Give x(u).
-22
Let v(o) = o + 17. Suppose -5*j = 3*j - 24. Let t be 14/(-2) + j - (-1 + 4). Give v(t).
10
Let g(s) = -s**2 + 2*s + 1. Let a(w) = w**